 Let s be c(l). Calculate the highest common factor of s and 15.
15
Suppose -2*m = -2*k - 24, -22*m + 24*m = 4*k + 30. Suppose 5*f - 485 = -5*j, -3*f - 4*j + 293 = -2*j. What is the greatest common divisor of m and f?
9
Suppose -5*j - 249 = -2*q + 23, 3*q = 3*j + 165. Let g be -2 + 1/((-2)/j). Suppose 3*x - 2 = g. What is the highest common factor of 45 and x?
9
Let b = -17 - -17. Suppose 0 = 4*n - 4*x - 16, -5*n - 2*x = -12 - 15. Suppose b = n*i + i - 264. What is the highest common divisor of i and 22?
22
Let u be 14 - 0*1/(-3). Let n(l) = 127*l - 1. Let i be (-1)/(1 + 0 - 2). Let o be n(i). What is the highest common factor of u and o?
14
Let m be 1150/7 + 6/(-21). What is the highest common divisor of m and 41?
41
Let h be 56/(-8) + 91 + -3. Calculate the highest common divisor of h and 18.
9
Let u = -673 + 825. Calculate the greatest common divisor of 190 and u.
38
Let a(t) = -2*t**2 - 3*t + 3. Let n be a(-3). Let p be n*(-2)/4 - 1. Let l be (-231)/(-7) + 1*p. Calculate the greatest common divisor of 5 and l.
5
Suppose a - 3*i = 435, -4*i + 124 = 3*a - 1142. Suppose -v - 2*o + 288 = v, 5*o - a = -3*v. What is the highest common factor of v and 21?
21
Suppose -414 = -9*m + 522. What is the greatest common factor of 39 and m?
13
Let x(v) = v**3 + 4*v**2 - 7*v - 10. Let r be x(-5). Let k be r - ((-6)/(-3) + -24). Calculate the highest common divisor of 33 and k.
11
Let v be 12/48 + 51/4. What is the greatest common divisor of 351 and v?
13
Let g be (2 + -50)/(-4)*(-5)/(-10). Suppose 196 = v + g*v. Calculate the highest common divisor of 28 and v.
28
Let n(i) = 6*i - 9. Let c be n(4). Calculate the highest common divisor of 1695 and c.
15
Let d = -40 + 38. Let v be ((-6)/d)/((-10)/(-100)). What is the greatest common divisor of v and 270?
30
Let m(f) = -6*f**3 + f + 2. Let t be m(-2). Suppose 670 + 930 = 100*x. What is the highest common divisor of x and t?
16
Let d(b) = -b**3 - 30*b**2 - 30*b + 67. Let m be d(-29). What is the highest common divisor of 12 and m?
12
Suppose 14 = 3*h - 1, -1705 = -5*y - 4*h. Suppose -5*f - 229 = -2*v, 2*v - y = -v + f. Let r = 40 + -26. Calculate the highest common divisor of v and r.
14
Let h be (-3 + (-65)/10)*-2. Calculate the highest common factor of h and 1.
1
Let i(d) = -2*d + 72. Let n be i(0). Suppose 4*x + 2*z = 54, 5*x - n = x + 4*z. Let y = 28 - -2. What is the greatest common factor of y and x?
15
Suppose -6*b - 1094 = -1166. What is the highest common divisor of 114 and b?
6
Suppose -3*y = 4*l - 2*y - 114, 4*l - 106 = 3*y. Suppose r + m = 5*m + 58, -64 = -r + 2*m. What is the greatest common factor of l and r?
14
Let n(q) = -3*q - 10. Let i be n(-8). Suppose 3*g - 11*g = -1904. Calculate the highest common divisor of i and g.
14
Suppose 29 = 2*p - 4*l - 105, 5*p - 4*l = 323. What is the greatest common factor of p and 153?
9
Suppose 4*t + 12 = 8*t. Let v be (-43)/(-4) + t/12. What is the greatest common divisor of 33 and v?
11
Let n(g) = -g**2 + 3*g - 1. Let v be (2/14*-4)/((-6)/21). Let l be n(v). Let s be 2/(-10) + 130/25. Calculate the highest common factor of s and l.
1
Let g(d) = d**3 + 9*d**2 + 2*d. Let t(b) = -b**2 + 6*b + 11. Let r be t(8). Let i be g(r). What is the highest common divisor of i and 10?
10
Let j(g) = 4*g**2 + 12*g + 12. Let n = -22 - -15. Let z be j(n). What is the highest common factor of z and 31?
31
Let a(h) = -19*h - 632. Let c be a(-36). Calculate the highest common divisor of c and 3120.
52
Suppose 0 = 5*a + 3*i - 71, -2*i + 42 = a + 2*a. What is the highest common factor of 400 and a?
16
Suppose 24*l + 138 = 22*l. Let q = l - -81. Suppose -29 = -5*x + 61. Calculate the greatest common divisor of x and q.
6
Let y = -38 - -166. Calculate the highest common divisor of 4 and y.
4
Suppose -5*u + 681 + 419 = 0. Calculate the highest common factor of 44 and u.
44
Suppose 0 = -5*p - 0*p + 15. Let g = -148 - -143. Let n be (3 + 54/(-15))/(g/75). Calculate the highest common divisor of p and n.
3
Let i(r) = -r - 5. Let y be i(-5). Suppose y = -h + 4*f, 0*h - 5*f + 1 = -h. Suppose h*d - 105 = -d. Calculate the greatest common factor of d and 21.
21
Suppose -5*t + 44 = -2*t - g, -3*g = 3*t - 48. Suppose -27 = -3*n + t. Let a be (2/4)/((-4)/(-560)). Calculate the greatest common divisor of n and a.
14
Suppose 23*o - 12 = 149. What is the highest common divisor of o and 112?
7
Suppose 0 = b - 2*x + 4, 0*b + 2*b = -5*x + 19. Let t be 10 - 2/4*b. Let q be 63 + (-4 + t - 2). Calculate the highest common divisor of 44 and q.
22
Suppose -24*p - 1344 = -27*p. What is the greatest common divisor of p and 56?
56
Suppose -z = -4*l + 2*l + 339, -3*l + 519 = -5*z. Let y(o) = o**2 - o**3 - 1 + 22 + 9*o - 8*o. Let p be y(0). Calculate the highest common factor of l and p.
21
Suppose z - 3*u - 24 = 0, 0 = -3*z + 196*u - 200*u + 85. Let i be (-4)/14 + (-18)/(-14). Let n be 10 + i - 1*2. What is the highest common factor of n and z?
9
Let y be ((-22)/(-3))/(8/(-12)). Let j = 18 + y. Let z be (-4)/(-10) - (-297)/45. What is the greatest common factor of z and j?
7
Suppose 69*k = 63*k + 174. Calculate the greatest common factor of k and 87.
29
Let n = 719 - -329. Calculate the highest common divisor of n and 8.
8
Let o = 28 - -44. Let b(j) = 2*j**3 - j**2 + j. Let a be b(1). Let v be (-33)/(-3)*1 - a. Calculate the greatest common factor of o and v.
9
Let p = 41 + -30. Suppose -p + 17 = o. Let i be (-34)/(-6) + (-2)/(-6). Calculate the highest common divisor of o and i.
6
Suppose x + 4*m - 1 = 5, -5*m = -4*x + 24. Calculate the greatest common divisor of 192 and x.
6
Let b(j) = -2*j**2 + 14*j - 11. Let s be b(5). Let f be 7*(2/s + 1052/126). What is the greatest common divisor of 40 and f?
20
Let b(a) = -12*a + 80. Let o be b(6). Calculate the greatest common divisor of 4 and o.
4
Let h(x) = -3*x**2 + 18*x - 1. Let k be h(8). Let n = 94 + k. What is the highest common factor of n and 5?
5
Let u = 162 + 6. Calculate the highest common factor of u and 70.
14
Let n = 10 - 7. Suppose 5*l - 30 = -f, -l - n*l = -4*f. Let b(t) = 5*t**2 - 2*t + 6. Let z be b(l). What is the greatest common divisor of z and 11?
11
Let t be (-4*3/15)/(8/(-20)). Suppose -3*j = 7 + 2, y + t*j = 16. Calculate the highest common factor of 22 and y.
22
Let l be 0*(-2)/(16/4). Suppose 0*y = -3*p - 5*y + 105, -5*p - 3*y + 191 = l. Suppose 7*h - 40 = 3*h. What is the highest common factor of h and p?
10
Suppose -17 = -2*v + 3. Let d(m) = -m - 79. Let o be d(0). Let u = o + 119. Calculate the greatest common divisor of v and u.
10
Let o(w) = 11*w**2 + 25*w + 19. Let h be o(-4). What is the greatest common divisor of 437 and h?
19
Suppose -5*v + 3 = 3*h, -4*v = -2*v - h - 10. Suppose 283 = v*q + 31. Let g(b) = -7*b - 2. Let i be g(-2). Calculate the highest common factor of i and q.
12
Let j be (-5)/((-7)/112 + 0). What is the highest common divisor of j and 640?
80
Let d(k) = -4*k**3 - 6*k**2 + 5*k - 1. Let m be d(-4). Let o = 148 - m. Calculate the highest common divisor of o and 6.
3
Suppose -2*t = -5 + 1. Let z be 702/90 - t/(-10). What is the greatest common divisor of z and 64?
8
Suppose -k - 45 = 2*k. Let g be ((-4)/10)/(3/k). Let t be 4/(-8) + 209/g. Calculate the highest common factor of 26 and t.
26
Let u be (-4 - (0 + -2)) + 5. Let h be u*-1 - (-9 + -1). Suppose 0 = -h*w + 6*w + 126. What is the greatest common factor of w and 14?
14
Let i be ((-1)/((-3)/(-27)))/(-1). What is the greatest common factor of 72 and i?
9
Let g be -5 + 10 + (-3640)/(-10). Calculate the greatest common factor of g and 9.
9
Let b(h) = -5*h - 5. Suppose 0*x + 4 = -2*x. Let m be b(x). Suppose m = 3*c - 13. What is the highest common divisor of c and 54?
6
Suppose 7 = -3*g + 1, 152 = 3*y - g. Let m be (-6)/4 + 0 + 2175/y. Calculate the highest common divisor of 6 and m.
6
Let j(o) be the third derivative of -5*o**4/24 - 7*o**3/6 - 2*o**2. Let k be j(-11). Calculate the greatest common divisor of k and 72.
24
Let l be ((-12)/8)/((-3)/12) - 2. Suppose l*i = 22 + 10. Calculate the greatest common divisor of 88 and i.
8
Let c(j) = 137*j + 52. Let a be c(1). Calculate the highest common divisor of a and 84.
21
Let s = 2294 - 2030. Calculate the highest common divisor of 462 and s.
66
Suppose 36 = 3*c + 3*c. Suppose 0 = 6*w - c. Calculate the highest 